{"id":144,"date":"2024-04-08T08:10:01","date_gmt":"2024-04-08T08:10:01","guid":{"rendered":"https:\/\/romanzza.com.mx\/?page_id=144"},"modified":"2025-10-06T22:55:38","modified_gmt":"2025-10-06T22:55:38","slug":"nosotros","status":"publish","type":"page","link":"https:\/\/romanzza.com.mx\/index.php\/nosotros\/","title":{"rendered":"NOSOTROS"},"content":{"rendered":"\t\t<div data-elementor-type=\"wp-page\" data-elementor-id=\"144\" class=\"elementor elementor-144\" data-elementor-post-type=\"page\">\n\t\t\t\t<div class=\"elementor-element elementor-element-39666996 e-flex e-con-boxed e-con e-parent\" data-id=\"39666996\" data-element_type=\"container\" data-settings=\"{&quot;background_background&quot;:&quot;classic&quot;}\">\n\t\t\t\t\t<div class=\"e-con-inner\">\n\t\t\t\t\t<\/div>\n\t\t\t\t<\/div>\n\t\t<div class=\"elementor-element elementor-element-22b013fe e-con-full e-flex e-con e-parent\" data-id=\"22b013fe\" data-element_type=\"container\" data-settings=\"{&quot;background_background&quot;:&quot;classic&quot;}\">\n\t\t<div class=\"elementor-element elementor-element-72c4b1f2 e-con-full e-flex e-con e-child\" data-id=\"72c4b1f2\" data-element_type=\"container\">\n\t\t\t\t<div class=\"elementor-element elementor-element-66c89c5c elementor-widget elementor-widget-heading\" data-id=\"66c89c5c\" data-element_type=\"widget\" data-widget_type=\"heading.default\">\n\t\t\t\t<div class=\"elementor-widget-container\">\n\t\t\t\t\t<h2 class=\"elementor-heading-title elementor-size-default\">ROMANZZA<\/h2>\t\t\t\t<\/div>\n\t\t\t\t<\/div>\n\t\t\t\t<div class=\"elementor-element elementor-element-56b0b398 elementor-widget elementor-widget-text-editor\" data-id=\"56b0b398\" data-element_type=\"widget\" data-widget_type=\"text-editor.default\">\n\t\t\t\t<div class=\"elementor-widget-container\">\n\t\t\t\t\t\t\t\t\t<p>En Romanzza, nos dedicamos apasionadamente a crear momentos inolvidables que celebran el amor y la uni\u00f3n.<\/p>\n<p>Con m\u00e1s de una d\u00e9cada de experiencia en la industria de eventos, nos enorgullece ser la elecci\u00f3n preferida de parejas que desean que su boda sea un verdadero cuento de hadas, as\u00ed como de aquellos que buscan celebrar cualquier ocasi\u00f3n especial de manera \u00fanica y significativa.<\/p>\n<p>Desde el dise\u00f1o hasta la ejecuci\u00f3n, nos encargamos de todo para que cada evento sea \u00fanico, m\u00e1gico y lleno de amor.<\/p>\t\t\t\t\t\t\t\t<\/div>\n\t\t\t\t<\/div>\n\t\t\t\t<\/div>\n\t\t\t\t<div class=\"elementor-element elementor-element-6625a785 elementor-widget__width-initial elementor-widget-tablet__width-inherit elementor-widget elementor-widget-image\" data-id=\"6625a785\" data-element_type=\"widget\" data-widget_type=\"image.default\">\n\t\t\t\t<div class=\"elementor-widget-container\">\n\t\t\t\t\t\t\t\t\t\t\t\t\t\t\t<img fetchpriority=\"high\" decoding=\"async\" width=\"1707\" height=\"2560\" src=\"https:\/\/romanzza.com.mx\/wp-content\/uploads\/2024\/04\/MZ-366-scaled.jpg\" class=\"attachment-full size-full wp-image-254\" alt=\"\" srcset=\"https:\/\/romanzza.com.mx\/wp-content\/uploads\/2024\/04\/MZ-366-scaled.jpg 1707w, https:\/\/romanzza.com.mx\/wp-content\/uploads\/2024\/04\/MZ-366-200x300.jpg 200w, https:\/\/romanzza.com.mx\/wp-content\/uploads\/2024\/04\/MZ-366-683x1024.jpg 683w, https:\/\/romanzza.com.mx\/wp-content\/uploads\/2024\/04\/MZ-366-768x1152.jpg 768w, https:\/\/romanzza.com.mx\/wp-content\/uploads\/2024\/04\/MZ-366-1024x1536.jpg 1024w, https:\/\/romanzza.com.mx\/wp-content\/uploads\/2024\/04\/MZ-366-1365x2048.jpg 1365w\" sizes=\"(max-width: 1707px) 100vw, 1707px\" \/>\t\t\t\t\t\t\t\t\t\t\t\t\t\t\t<\/div>\n\t\t\t\t<\/div>\n\t\t\t\t<\/div>\n\t\t<div class=\"elementor-element elementor-element-e1b1fd1 e-flex e-con-boxed e-con e-parent\" data-id=\"e1b1fd1\" data-element_type=\"container\" data-settings=\"{&quot;background_background&quot;:&quot;classic&quot;}\">\n\t\t\t\t\t<div class=\"e-con-inner\">\n\t\t<div class=\"elementor-element elementor-element-660e699 e-con-full e-flex e-con e-child\" data-id=\"660e699\" data-element_type=\"container\">\n\t\t\t\t<div class=\"elementor-element elementor-element-c5f0326 elementor-widget elementor-widget-image\" data-id=\"c5f0326\" data-element_type=\"widget\" data-widget_type=\"image.default\">\n\t\t\t\t<div class=\"elementor-widget-container\">\n\t\t\t\t\t\t\t\t\t\t\t\t\t\t\t<img decoding=\"async\" width=\"1707\" height=\"2560\" src=\"https:\/\/romanzza.com.mx\/wp-content\/uploads\/2024\/04\/MZ-403-scaled.jpg\" class=\"attachment-full size-full wp-image-230\" alt=\"\" srcset=\"https:\/\/romanzza.com.mx\/wp-content\/uploads\/2024\/04\/MZ-403-scaled.jpg 1707w, https:\/\/romanzza.com.mx\/wp-content\/uploads\/2024\/04\/MZ-403-200x300.jpg 200w, https:\/\/romanzza.com.mx\/wp-content\/uploads\/2024\/04\/MZ-403-683x1024.jpg 683w, https:\/\/romanzza.com.mx\/wp-content\/uploads\/2024\/04\/MZ-403-768x1152.jpg 768w, https:\/\/romanzza.com.mx\/wp-content\/uploads\/2024\/04\/MZ-403-1024x1536.jpg 1024w, https:\/\/romanzza.com.mx\/wp-content\/uploads\/2024\/04\/MZ-403-1365x2048.jpg 1365w\" sizes=\"(max-width: 1707px) 100vw, 1707px\" \/>\t\t\t\t\t\t\t\t\t\t\t\t\t\t\t<\/div>\n\t\t\t\t<\/div>\n\t\t\t\t<\/div>\n\t\t<div class=\"elementor-element elementor-element-a9a4465 e-con-full e-flex e-con e-child\" data-id=\"a9a4465\" data-element_type=\"container\">\n\t\t\t\t<div class=\"elementor-element elementor-element-b19fd1c elementor-widget elementor-widget-heading\" data-id=\"b19fd1c\" data-element_type=\"widget\" data-widget_type=\"heading.default\">\n\t\t\t\t<div class=\"elementor-widget-container\">\n\t\t\t\t\t<h2 class=\"elementor-heading-title elementor-size-default\">Misi\u00f3n<\/h2>\t\t\t\t<\/div>\n\t\t\t\t<\/div>\n\t\t\t\t<div class=\"elementor-element elementor-element-8a22538 elementor-widget elementor-widget-text-editor\" data-id=\"8a22538\" data-element_type=\"widget\" data-widget_type=\"text-editor.default\">\n\t\t\t\t<div class=\"elementor-widget-container\">\n\t\t\t\t\t\t\t\t\t<p>Nuestra misi\u00f3n es transformar tus sue\u00f1os en realidad. Nos comprometemos a superar tus expectativas, dise\u00f1ando y ejecutando eventos que reflejen tu estilo, personalidad y amor.<\/p><p>Con cada detalle cuidadosamente planeado y ejecutado, creamos experiencias que ser\u00e1n recordadas por toda la vida.<\/p>\t\t\t\t\t\t\t\t<\/div>\n\t\t\t\t<\/div>\n\t\t\t\t<div class=\"elementor-element elementor-element-45b1f20 elementor-widget elementor-widget-heading\" data-id=\"45b1f20\" data-element_type=\"widget\" data-widget_type=\"heading.default\">\n\t\t\t\t<div class=\"elementor-widget-container\">\n\t\t\t\t\t<h2 class=\"elementor-heading-title elementor-size-default\">Visi\u00f3n<\/h2>\t\t\t\t<\/div>\n\t\t\t\t<\/div>\n\t\t\t\t<div class=\"elementor-element elementor-element-02cd663 elementor-widget elementor-widget-text-editor\" data-id=\"02cd663\" data-element_type=\"widget\" data-widget_type=\"text-editor.default\">\n\t\t\t\t<div class=\"elementor-widget-container\">\n\t\t\t\t\t\t\t\t\t<p>Como l\u00edderes en la industria de eventos, nuestra visi\u00f3n es ser reconocidos como el est\u00e1ndar de excelencia en la organizaci\u00f3n y dise\u00f1o de bodas y eventos. Queremos ser la opci\u00f3n indiscutible para quienes buscan un servicio excepcional, creatividad sin l\u00edmites y una dedicaci\u00f3n inquebrantable a la perfecci\u00f3n.<\/p>\t\t\t\t\t\t\t\t<\/div>\n\t\t\t\t<\/div>\n\t\t\t\t<\/div>\n\t\t\t\t\t<\/div>\n\t\t\t\t<\/div>\n\t\t<div class=\"elementor-element elementor-element-5ded4cd e-flex e-con-boxed e-con e-parent\" data-id=\"5ded4cd\" data-element_type=\"container\" data-settings=\"{&quot;background_background&quot;:&quot;classic&quot;}\">\n\t\t\t\t\t<div class=\"e-con-inner\">\n\t\t<div class=\"elementor-element elementor-element-29283df e-con-full e-flex e-con e-child\" data-id=\"29283df\" data-element_type=\"container\">\n\t\t\t\t<div class=\"elementor-element elementor-element-7440288 elementor-widget elementor-widget-heading\" data-id=\"7440288\" data-element_type=\"widget\" data-widget_type=\"heading.default\">\n\t\t\t\t<div class=\"elementor-widget-container\">\n\t\t\t\t\t<h2 class=\"elementor-heading-title elementor-size-default\">Valores<\/h2>\t\t\t\t<\/div>\n\t\t\t\t<\/div>\n\t\t\t\t<div class=\"elementor-element elementor-element-7e070d3 elementor-widget elementor-widget-text-editor\" data-id=\"7e070d3\" data-element_type=\"widget\" data-widget_type=\"text-editor.default\">\n\t\t\t\t<div class=\"elementor-widget-container\">\n\t\t\t\t\t\t\t\t\t<p>Excelencia: Nos esforzamos por la excelencia en todo lo que hacemos, desde la planificaci\u00f3n meticulosa hasta la ejecuci\u00f3n impecable de cada evento.<\/p><p>Creatividad: Abrazamos la creatividad en cada detalle, buscando constantemente nuevas formas de sorprender y deleitar a nuestros clientes.<\/p><p>Compromiso: Estamos comprometidos con la felicidad y satisfacci\u00f3n de nuestros clientes, trabajando incansablemente para hacer realidad sus sue\u00f1os.<\/p><p>Profesionalismo: Nuestra conducta y desempe\u00f1o reflejan los m\u00e1s altos est\u00e1ndares de profesionalismo, garantizando una experiencia sin preocupaciones para nuestros clientes.<\/p>\t\t\t\t\t\t\t\t<\/div>\n\t\t\t\t<\/div>\n\t\t\t\t<div class=\"elementor-element elementor-element-65f3573 elementor-widget elementor-widget-text-editor\" data-id=\"65f3573\" data-element_type=\"widget\" data-widget_type=\"text-editor.default\">\n\t\t\t\t<div class=\"elementor-widget-container\">\n\t\t\t\t\t\t\t\t\t<p><em>No solo organizamos eventos; creamos recuerdos que perduran toda la vida. Conf\u00eda en nosotros para hacer de tu boda o evento una experiencia extraordinaria y llena de magia.<\/em><\/p>\t\t\t\t\t\t\t\t<\/div>\n\t\t\t\t<\/div>\n\t\t\t\t<div class=\"elementor-element elementor-element-d995a58 elementor-widget elementor-widget-image\" data-id=\"d995a58\" data-element_type=\"widget\" data-widget_type=\"image.default\">\n\t\t\t\t<div class=\"elementor-widget-container\">\n\t\t\t\t\t\t\t\t\t\t\t\t\t\t\t<img decoding=\"async\" width=\"1024\" height=\"683\" src=\"https:\/\/romanzza.com.mx\/wp-content\/uploads\/2024\/04\/MZ-039-1-1024x683.jpg\" class=\"attachment-large size-large wp-image-241\" alt=\"\" srcset=\"https:\/\/romanzza.com.mx\/wp-content\/uploads\/2024\/04\/MZ-039-1-1024x683.jpg 1024w, https:\/\/romanzza.com.mx\/wp-content\/uploads\/2024\/04\/MZ-039-1-300x200.jpg 300w, https:\/\/romanzza.com.mx\/wp-content\/uploads\/2024\/04\/MZ-039-1-768x512.jpg 768w, https:\/\/romanzza.com.mx\/wp-content\/uploads\/2024\/04\/MZ-039-1-1536x1024.jpg 1536w, https:\/\/romanzza.com.mx\/wp-content\/uploads\/2024\/04\/MZ-039-1-2048x1365.jpg 2048w\" sizes=\"(max-width: 1024px) 100vw, 1024px\" \/>\t\t\t\t\t\t\t\t\t\t\t\t\t\t\t<\/div>\n\t\t\t\t<\/div>\n\t\t\t\t<\/div>\n\t\t<div class=\"elementor-element elementor-element-ca53b57 e-con-full e-flex e-con e-child\" data-id=\"ca53b57\" data-element_type=\"container\" data-settings=\"{&quot;background_background&quot;:&quot;classic&quot;}\">\n\t\t\t\t<div class=\"elementor-element elementor-element-be9ff19 elementor-widget elementor-widget-image\" data-id=\"be9ff19\" data-element_type=\"widget\" data-widget_type=\"image.default\">\n\t\t\t\t<div class=\"elementor-widget-container\">\n\t\t\t\t\t\t\t\t\t\t\t\t\t\t\t<img loading=\"lazy\" decoding=\"async\" width=\"1707\" height=\"2560\" src=\"https:\/\/romanzza.com.mx\/wp-content\/uploads\/2024\/04\/MZ-438-scaled.jpg\" class=\"attachment-full size-full wp-image-231\" alt=\"\" srcset=\"https:\/\/romanzza.com.mx\/wp-content\/uploads\/2024\/04\/MZ-438-scaled.jpg 1707w, https:\/\/romanzza.com.mx\/wp-content\/uploads\/2024\/04\/MZ-438-200x300.jpg 200w, https:\/\/romanzza.com.mx\/wp-content\/uploads\/2024\/04\/MZ-438-683x1024.jpg 683w, https:\/\/romanzza.com.mx\/wp-content\/uploads\/2024\/04\/MZ-438-768x1152.jpg 768w, https:\/\/romanzza.com.mx\/wp-content\/uploads\/2024\/04\/MZ-438-1024x1536.jpg 1024w, https:\/\/romanzza.com.mx\/wp-content\/uploads\/2024\/04\/MZ-438-1365x2048.jpg 1365w\" sizes=\"(max-width: 1707px) 100vw, 1707px\" \/>\t\t\t\t\t\t\t\t\t\t\t\t\t\t\t<\/div>\n\t\t\t\t<\/div>\n\t\t\t\t<div class=\"elementor-element elementor-element-c0152e6 elementor-widget elementor-widget-image\" data-id=\"c0152e6\" data-element_type=\"widget\" data-widget_type=\"image.default\">\n\t\t\t\t<div class=\"elementor-widget-container\">\n\t\t\t\t\t\t\t\t\t\t\t\t\t\t\t<img loading=\"lazy\" decoding=\"async\" width=\"1024\" height=\"241\" src=\"https:\/\/romanzza.com.mx\/wp-content\/uploads\/2024\/04\/cropped-LOGOS-FONDOBLANCO-1-1024x241.png\" class=\"attachment-large size-large wp-image-168\" alt=\"\" srcset=\"https:\/\/romanzza.com.mx\/wp-content\/uploads\/2024\/04\/cropped-LOGOS-FONDOBLANCO-1-1024x241.png 1024w, https:\/\/romanzza.com.mx\/wp-content\/uploads\/2024\/04\/cropped-LOGOS-FONDOBLANCO-1-300x71.png 300w, https:\/\/romanzza.com.mx\/wp-content\/uploads\/2024\/04\/cropped-LOGOS-FONDOBLANCO-1-768x181.png 768w, https:\/\/romanzza.com.mx\/wp-content\/uploads\/2024\/04\/cropped-LOGOS-FONDOBLANCO-1.png 1041w\" sizes=\"(max-width: 1024px) 100vw, 1024px\" \/>\t\t\t\t\t\t\t\t\t\t\t\t\t\t\t<\/div>\n\t\t\t\t<\/div>\n\t\t\t\t<\/div>\n\t\t\t\t\t<\/div>\n\t\t\t\t<\/div>\n\t\t\t\t<\/div>\n\t\t","protected":false},"excerpt":{"rendered":"<p>ROMANZZA En Romanzza, nos dedicamos apasionadamente a crear momentos inolvidables que celebran el amor y la uni\u00f3n. Con m\u00e1s de [&hellip;]<\/p>\n","protected":false},"author":1,"featured_media":0,"parent":0,"menu_order":0,"comment_status":"closed","ping_status":"closed","template":"","meta":{"site-sidebar-layout":"no-sidebar","site-content-layout":"","ast-site-content-layout":"full-width-container","site-content-style":"default","site-sidebar-style":"default","ast-global-header-display":"","ast-banner-title-visibility":"","ast-main-header-display":"","ast-hfb-above-header-display":"","ast-hfb-below-header-display":"","ast-hfb-mobile-header-display":"","site-post-title":"disabled","ast-breadcrumbs-content":"","ast-featured-img":"disabled","footer-sml-layout":"","theme-transparent-header-meta":"","adv-header-id-meta":"","stick-header-meta":"","header-above-stick-meta":"","header-main-stick-meta":"","header-below-stick-meta":"","astra-migrate-meta-layouts":"default","ast-page-background-enabled":"default","ast-page-background-meta":{"desktop":{"background-color":"var(--ast-global-color-4)","background-image":"","background-repeat":"repeat","background-position":"center center","background-size":"auto","background-attachment":"scroll","background-type":"","background-media":"","overlay-type":"","overlay-color":"","overlay-gradient":""},"tablet":{"background-color":"","background-image":"","background-repeat":"repeat","background-position":"center center","background-size":"auto","background-attachment":"scroll","background-type":"","background-media":"","overlay-type":"","overlay-color":"","overlay-gradient":""},"mobile":{"background-color":"","background-image":"","background-repeat":"repeat","background-position":"center center","background-size":"auto","background-attachment":"scroll","background-type":"","background-media":"","overlay-type":"","overlay-color":"","overlay-gradient":""}},"ast-content-background-meta":{"desktop":{"background-color":"var(--ast-global-color-5)","background-image":"","background-repeat":"repeat","background-position":"center center","background-size":"auto","background-attachment":"scroll","background-type":"","background-media":"","overlay-type":"","overlay-color":"","overlay-gradient":""},"tablet":{"background-color":"var(--ast-global-color-5)","background-image":"","background-repeat":"repeat","background-position":"center center","background-size":"auto","background-attachment":"scroll","background-type":"","background-media":"","overlay-type":"","overlay-color":"","overlay-gradient":""},"mobile":{"background-color":"var(--ast-global-color-5)","background-image":"","background-repeat":"repeat","background-position":"center center","background-size":"auto","background-attachment":"scroll","background-type":"","background-media":"","overlay-type":"","overlay-color":"","overlay-gradient":""}},"footnotes":""},"_links":{"self":[{"href":"https:\/\/romanzza.com.mx\/index.php\/wp-json\/wp\/v2\/pages\/144"}],"collection":[{"href":"https:\/\/romanzza.com.mx\/index.php\/wp-json\/wp\/v2\/pages"}],"about":[{"href":"https:\/\/romanzza.com.mx\/index.php\/wp-json\/wp\/v2\/types\/page"}],"author":[{"embeddable":true,"href":"https:\/\/romanzza.com.mx\/index.php\/wp-json\/wp\/v2\/users\/1"}],"replies":[{"embeddable":true,"href":"https:\/\/romanzza.com.mx\/index.php\/wp-json\/wp\/v2\/comments?post=144"}],"version-history":[{"count":25,"href":"https:\/\/romanzza.com.mx\/index.php\/wp-json\/wp\/v2\/pages\/144\/revisions"}],"predecessor-version":[{"id":642,"href":"https:\/\/romanzza.com.mx\/index.php\/wp-json\/wp\/v2\/pages\/144\/revisions\/642"}],"wp:attachment":[{"href":"https:\/\/romanzza.com.mx\/index.php\/wp-json\/wp\/v2\/media?parent=144"}],"curies":[{"name":"wp","href":"https:\/\/api.w.org\/{rel}","templated":true}]}}